823?
False
Is 462 a factor of 489432118?
False
Does 1461 divide 34672452?
True
Does 115 divide 122856800?
True
Is 35478550 a multiple of 626?
True
Is 81233899 a multiple of 127?
True
Is 128 a factor of 290509440?
True
Is 11 a factor of 639748504?
False
Is 13521156 a multiple of 302?
False
Is 47505012 a multiple of 182?
False
Is 2351 a factor of 55689852?
False
Is 58 a factor of 381978366?
False
Is 287147342 a multiple of 860?
False
Is 41972 a multiple of 4?
True
Is 1233 a factor of 87092884?
False
Is 1933 a factor of 122250652?
True
Is 77048734 a multiple of 166?
True
Is 12 a factor of 294064356?
True
Does 96 divide 39636480?
True
Is 207226296 a multiple of 257?
True
Is 782 a factor of 5448976?
True
Does 1599 divide 42750172?
False
Is 10 a factor of 32869089?
False
Does 15 divide 142042281?
False
Is 8 a factor of 3043859?
False
Does 7 divide 6757038?
False
Is 54039928 even?
True
Is 20 a factor of 47979640?
True
Does 434 divide 534191869?
False
Is 590735118 a multiple of 1406?
True
Does 147 divide 45890664?
False
Is 18 a factor of 676464619?
False
Is 110446511 a multiple of 9527?
True
Is 1041 a factor of 324609227?
False
Does 246 divide 50179326?
True
Is 852 a factor of 1258885380?
True
Is 9466075685 a multiple of 12?
False
Does 208 divide 282165378?
False
Does 980 divide 561742466?
False
Is 181734416 a multiple of 464?
True
Is 10992526 a multiple of 90?
False
Is 21 a factor of 86631048?
True
Does 105 divide 427434195?
False
Does 6 divide 706164?
True
Does 4 divide 12517411?
False
Is 3389 a factor of 4808428426?
True
Is 683758750 a multiple of 125?
True
Is 34 a factor of 75368786?
True
Does 73 divide 318364083?
False
Does 169 divide 77776132?
False
Does 20 divide 233805324?
False
Is 25142448 a multiple of 48?
True
Does 839 divide 4285612?
True
Is 53039115 a multiple of 87?
True
Does 353 divide 33489110?
True
Is 11030748 a multiple of 30?
False
Does 110 divide 192033710?
True
Does 13 divide 120214783?
True
Is 142935947 a multiple of 18?
False
Does 19 divide 14693289?
True
Is 32332365 a multiple of 27?
True
Is 938 a factor of 8476706?
True
Does 8475 divide 241054425?
True
Does 26 divide 1312930?
False
Does 113 divide 273915955?
True
Is 71 a factor of 91826816?
False
Does 45 divide 98819029?
False
Does 14 divide 1910049?
False
Is 2067973 a multiple of 366?
False
Does 342 divide 7791102?
True
Is 184 a factor of 43999736?
True
Does 8582 divide 283873575?
False
Does 324 divide 32956700?
False
Is 1002037809 a multiple of 326?
False
Is 867 a factor of 203367855?
True
Does 55 divide 438045887?
False
Does 305 divide 2202477895?
True
Is 37974296 a multiple of 4?
True
Is 840890106 a multiple of 171?
True
Is 1439072635 a multiple of 5291?
True
Is 21827495 a multiple of 153?
False
Is 3459 a factor of 91414452?
True
Is 832 a factor of 21003733?
False
Is 128012687 a multiple of 15?
False
Does 239 divide 159699465?
False
Does 418 divide 1796464098?
True
Is 525895666 a multiple of 78?
False
Is 10 a factor of 104895300?
True
Does 12 divide 3276918?
False
Is 4676084322 a multiple of 507?
True
Is 57329542 a multiple of 2953?
True
Does 48 divide 37183152?
True
Is 926 a factor of 355944390?
False
Is 59 a factor of 185014536?
False
Is 3424 a factor of 1050800228?
False
Is 529319981 a multiple of 67?
False
Does 1290 divide 1857418110?
True
Is 14658726 a multiple of 274?
True
Is 11 a factor of 32125661?
False
Is 362474220 a multiple of 707?
False
Is 19017353 a multiple of 286?
False
Is 484 a factor of 36462624?
True
Is 30 a factor of 2480738070?
True
Is 253026541 a multiple of 244?
False
Is 13 a factor of 765452268?
False
Does 15 divide 2657052?
False
Is 116 a factor of 1863672704?
True
Is 78998669 a multiple of 3?
False
Is 15 a factor of 1987245?
True
Is 5 a factor of 30917210?
True
Is 10 a factor of 613455198?
False
Does 619 divide 560111435?
True
Is 900515692 a multiple of 8351?
False
Is 9 a factor of 220760445?
False
Is 5 a factor of 3607850?
True
Is 823 a factor of 2260535135?
False
Is 63 a factor of 1026883683?
True
Is 2129 a factor of 88010399?
False
Does 19 divide 589142395?
False
Is 133 a factor of 154761338?
False
Is 18 a factor of 162542962?
False
Does 8 divide 276540768?
True
Is 96270877 a multiple of 101?
True
Does 569 divide 359514920?
False
Is 3221012324 a multiple of 458?
True
Is 52 a factor of 199612834?
False
Is 4213 a factor of 17879972?
True
Is 229 a factor of 21621735?
False
Is 5241670 a multiple of 206?
True
Is 110501172 a multiple of 27?
True
Is 376 a factor of 24578744?
True
Does 215 divide 428332890?
True
Is 108 a factor of 12942072?
True
Does 48 divide 321958224?
True
Is 72703687 a multiple of 12?
False
Is 44 a factor of 52297784?
True
Is 553 a factor of 242388105?
False
Is 2276 a factor of 482793?
False
Does 29 divide 466959664?
False
Does 225 divide 46889917?
False
Is 201 a factor of 66358467?
False
Does 25 divide 213555575?
True
Is 39776069 a multiple of 215?
False
Is 914041480 a multiple of 44?
True
Is 1789462354 a multiple of 18?
False
Is 61 a factor of 326116052?
False
Does 28 divide 477848?
True
Is 2 a factor of 10906815?
False
Does 1948 divide 30115789?
False
Is 16262923 even?
False
Is 122915344 a multiple of 1695?
False
Does 1348 divide 5395795968?
True
Does 60 divide 24876156?
False
Is 28324134 a multiple of 52?
False
Is 1138339 a multiple of 989?
True
Does 347 divide 449826561?
False
Does 24 divide 101897987?
False
Is 5393724 a multiple of 31?
False
Is 17169304 a multiple of 488?
True
Is 884 a factor of 1385275344?
False
Is 13515145 a multiple of 804?
False
Does 915 divide 413430855?
True
Is 111 a factor of 91953399?
True
Does 28 divide 67588147?
False
Is 876 a factor of 14358302?
False
Is 54 a factor of 1081393470?
True
Is 2525 a factor of 67790980?
False
Does 81 divide 23761620?
False
Is 3199 a factor of 456426922?
True
Is 876 a factor of 50393221?
False
Is 90614414 a multiple of 5?
False
Does 213 divide 309921870?
False
Is 66907284 a multiple of 25?
False
Does 10 divide 683839340?
True
Is 51 a factor of 13366386?
True
Is 139 a factor of 188311435?
False
Does 6 divide 71512711?
False
Is 41035280 a multiple of 10?
True
Does 811 divide 19944923?
True
Is 142385872 a multiple of 688?
False
Is 18031399 a multiple of 4?
False
Is 23 a factor of 37870075?
True
Is 1477 a factor of 36595551?
False
Is 46624957 a multiple of 661?
True
Is 51018736 a multiple of 16?
True
Is 78431550 a multiple of 62?
True
Is 1357199376 a multiple of 18?
False
Is 9 a factor of 1068523956?
True
Does 29 divide 2223053?
True
Does 359 divide 2252438518?
True
Does 4659 divide 344957019?
True
Does 65 divide 11795301?
False
Does 359 divide 339118580?
True
Is 3696776 a multiple of 9?
False
Does 982 divide 601883157?
False
Is 774 a factor of 55878967?
False
Is 864 a factor of 22851072?
True
Is 21 a factor of 1072605736?
False
Does 722 divide 709137570?
True
Does 260 divide 460435?
False
Is 2224 a factor of 142958720?
True
Does 1552 divide 75881936?
True
Is 35874161 a multiple of 20?
False
Is 875429870 a multiple of 376?
False
Is 49 a factor of 22350566?
True
Is 19 a factor of 245349166?
True
Does 3 divide 3673346?
False
Is 442912255 a multiple of 43?
True
Is 236 a factor of 5507458368?
True
Is 1490125464 a multiple of 4104?
True
Is 8013684 a multiple of 6?
True
Is 5 a factor of 9882460?
True
Does 5940 divide 4209304214?
False
Is 72724426 a multiple of 3158?
False
Does 3 divide 7528908?
True
Is 2697 a factor of 57621405?
True
Is 87693324 a multiple of 33?
False
Is 31 a factor of 3455927151?
True
Is 78756128 a multiple of 1628?
True
Does 887 divide 35643438?
False
Does 65 divide 212768855?
True
Is 13687906 a multiple of 29?
False
Is 361198183 a multiple of 16?
False
Does 13 divide 6663501?
True
Does 39 divide 166786343?
False
Does 246 divide 1406398728?
True
Does 92 divide 105420040?
True
Does 4719 divide 3414729747?
True
Is 67 a factor of 33662810?
True
Is 4816852 a multiple of 267?
False
Does 1027 divide 156369236?
False
Does 8 divide 182190936?
True
Does 89 divide 27843266?
False
Is 319 a factor of 153788450?
False
Is 5273430525 a multiple of 32?
False
Does 71 divide 1536079107?
True
Is 49 a factor of 17050628?
True
Is 16386505 a multiple of 4?
False
Is 1654062816 a multiple of 158?
True
Is 200394756 a multiple of 6322?
True
Does 283 divide 107916390?
True
Does 12 d